hat is the units digit of a?
1
Let v(p) = 265*p**3 - 3*p**2 + 2*p. Let s be v(2). Let d = 3109 - s. What is the tens digit of d?
9
What is the units digit of 65790 + 70/28*(-16)/(-60)*-3?
8
Let s = -18913 + 27526. What is the tens digit of s?
1
Let p be (-8)/(-2) + 6 + -4 + -2. Let u be (1 + 4 - p)*1. What is the hundreds digit of u/(-3) - (-6061)/57?
1
Suppose 0 = -226*h + 211*h + 49800. What is the tens digit of h?
2
Suppose -32*c = -23203 - 35678 + 6241. What is the thousands digit of c?
1
Let p(c) = -328*c**3 - 2*c**2 - 2*c - 1. Let s be -1*(1 - (-3 - -3)). Let y be p(s). Let j = 530 - y. What is the hundreds digit of j?
2
Let v be 0/4*10/(-20) + -2. What is the tens digit of (574/(-21)*-26)/(v/(-3))?
6
Suppose -2*v + 2 = 0, 10*v - 11 = -2*l + 5*v. Suppose 0*w + 36 = l*w. Suppose w = 2*j + j. What is the units digit of j?
4
Let p(d) = -5*d**3 - 6*d**3 - 8 - d + 5*d**2 + 20*d**3 - 8*d**3. Let m be p(-5). What is the units digit of (-592)/32*(1 + m)?
7
Suppose -3*q = 5*n + 12, -3*n + 0*n + 4 = -q. Suppose -3*t + n*t = -276. Suppose -v - 5*p + t = 0, 4*v = -2*p - 171 + 593. What is the hundreds digit of v?
1
Let m(a) = 24*a**2 + 3*a - 105. What is the thousands digit of m(-17)?
6
Let n = -54 + 58. Suppose -4*y = -6*y, 0 = -5*b + n*y + 90. Suppose -30*r + b*r = -1464. What is the hundreds digit of r?
1
Let a = -80 - -84. Suppose -a*j = -2*m + 8, 5*m + 1 - 43 = -j. Suppose -m*n + 1008 = n. What is the tens digit of n?
1
Let s be (-160)/5*18/8. Let r be s/(-27)*6/4. Suppose r*b = b + 12, -3*b = -3*a + 36. What is the tens digit of a?
1
Suppose p + 1 = -1. Let n be (-5)/p*2 + 0. Suppose 63 = n*s - 77. What is the units digit of s?
8
Let c(x) = 2687*x**2 + 55*x - 51. What is the hundreds digit of c(3)?
2
Suppose 26 - 11 = -3*f, 2*m - 4*f = 9810. What is the hundreds digit of m?
8
Let a(r) = 13*r**3 - 2*r**2 - 7*r + 15. Let g be a(5). Suppose 8*q - 2741 - g = 0. What is the tens digit of q?
3
What is the tens digit of 69/(((-675)/6735)/(-15))?
2
Let b = -116 - -61. Let q = b - -82. What is the hundreds digit of ((-230)/(-5))/(1 + q/(-33))?
2
Let p(h) = 12*h**2 + 63*h + 6. Let o be p(-6). What is the units digit of (-36736)/(-120) + (-8)/o - -6?
2
Let x be (-3)/(-2)*(-4 + 6). Let n = 718 + -715. Suppose 2*v = -3*v - 4*c + 1362, -x*v + n*c = -801. What is the tens digit of v?
7
Let d = 390 - -111. Let y = d - -17. What is the hundreds digit of y?
5
Let l(d) = -19*d + 183. Suppose -30*j + 34*j + 176 = 0. What is the units digit of l(j)?
9
Let v = 88 + -136. Let w = v - -33. What is the hundreds digit of -1*(-5)/w*167*-3?
1
Let d be -226 + (-4 - 2) + 7. Let s = d - -304. What is the tens digit of s?
7
What is the ten thousands digit of (-470 - 4)*640/(-30)?
1
Let c = -1254 + 1805. Let n = c - -546. What is the hundreds digit of n?
0
Let g = 8629 + 3705. What is the ten thousands digit of g?
1
Let a(v) = 20*v + 2. Let d(r) be the second derivative of r**4/12 - 5*r**3/6 + 5*r**2 - 15*r. Let y be d(2). What is the tens digit of a(y)?
8
Let p(k) = 5*k**3 + 66*k**2 + 9*k - 16. What is the hundreds digit of p(-12)?
7
Let f(m) = 2*m**2 - 117*m - 107. What is the thousands digit of f(-46)?
9
Let z(m) = 47*m**2 + 14*m + 39. Let w be z(-9). Suppose 0*g + w = 6*g. What is the tens digit of g?
2
Suppose -4*u - 163 - 113 = 2*v, 2*u + 138 = -5*v. Let c = 41 - u. Suppose 0 = -a + 10 + c. What is the tens digit of a?
2
What is the hundreds digit of 68526/8 - (-32)/((-1152)/27)?
5
Let p be (30/8 - 18/24) + 2. What is the units digit of ((57 - p) + -8)*26/4?
6
Let n(b) = -b**2 - 1. Let z(h) = -h**3 - 25*h**2 - 15*h + 95. Let g(s) = 3*n(s) - z(s). What is the tens digit of g(-20)?
0
Let g(m) = 2*m**2 - 15*m - 8. Let k be (15/2)/((-6)/(-8)). What is the units digit of g(k)?
2
Let f(p) = 3*p + 31. Let t be f(-11). Let v be 56*(t + (-12)/(-8)). Let q = v - -41. What is the tens digit of q?
1
Suppose -4*o + 76164 = -3*l - 61953, 0 = o - l - 34530. What is the units digit of o?
7
Let x(z) = 37*z**3 - 3*z**2 - 1. Let d be x(2). Suppose -39 = 4*p - d. What is the tens digit of p*(1/(3/(-3)))/(-1)?
6
Let n = -4167 + 5331. What is the tens digit of n?
6
Suppose 0*z + 3*g = 3*z - 24, 3*z = -5*g + 24. Suppose z*f = f + 2982. What is the units digit of f/(-4)*(-30)/45?
1
Suppose -4*p + 115908 = 4*s, -3*s + 14534 = 5*p - 72397. What is the tens digit of s?
7
Let g = 957 + -521. Suppose -4*f + 1371 - g = -5*r, 3*f + 4*r = 740. What is the units digit of f?
0
Let u(g) = -g + 6. Let x be u(2). Let h(c) = -c + 5. Let y be h(3). Suppose 5*k - 210 = -y*m, 4*k + 60 = 5*k + x*m. What is the tens digit of k?
4
Let o(g) = 3*g**2 - 4*g - 4. Suppose 2*u - 1 = 4*m + 1, -u + 3 = -3*m. What is the units digit of o(m)?
6
Suppose -1149 = -2*z - 5*f, 572 = -5*z + 6*z + 5*f. Let r = z - 273. What is the tens digit of r?
0
Let q be ((-10292)/(-5))/((-86)/(-215)). Suppose 5*c + 3*k - q = 0, -1089 = -4*c - k + 3032. What is the thousands digit of c?
1
Let u = -341 + 333. What is the tens digit of (-6 - (-12888)/15) + u/(-10)?
5
Let c(v) be the third derivative of 1/60*v**5 + 0 + 203/120*v**6 + 5*v**2 + 1/6*v**3 - 1/8*v**4 + 0*v. What is the hundreds digit of c(1)?
2
Let t(w) = -w**3 + 12 - 13*w**2 - 3*w - 8 + 0*w + 15. What is the tens digit of t(-13)?
5
Let r be 5 + (0 - 0) - 3. Suppose -r*m - 5*i = m - 1263, 1293 = 3*m - 5*i. What is the units digit of m?
6
What is the tens digit of (3077/905)/(-2 - 31611/(-15805))?
3
Let r(f) = f**3 + 8*f**2 + 3*f - 5. Let k(i) = 2*i**3 - 11*i**2 + 6*i - 12. Let u be ((-75)/9)/(-5)*3. Let m be k(u). What is the units digit of r(m)?
3
Let i = -11294 + 17480. What is the units digit of i?
6
Suppose 5*z - 16 = 3*y + z, 0 = -4*y + 5*z - 20. Let x be y + 0 + (-14 - -16). What is the tens digit of ((x - 2) + -11)/((-5)/5)?
1
Let l(k) = k**3 - 4*k**2 - 2*k - 6. Let h = 15 - 10. Let y be l(h). Suppose -450 = 4*p - y*p. What is the tens digit of p?
9
Let y(o) = -13*o + 1 + 16*o - 5*o. Let i be y(-21). Let u = i + -7. What is the units digit of u?
6
Suppose 2*c + 46832 = 5*n, 4*n - 37484 = 184*c - 187*c. What is the units digit of n?
8
Let s = -47 + 44. What is the tens digit of 16/(-12)*(-237)/(-2)*s?
7
Let z be 3/5 + -5 + (-135)/(-25). Let y(k) = -k + 4. Let v be y(z). Suppose -4*o = -3*s - 2*s + 366, -2*s + 151 = v*o. What is the units digit of s?
4
What is the tens digit of (-3363)/(-2)*(-32)/(-24)?
4
Let h be (0 + -1)*(-2 + -7). Suppose -h*d = -d - 768. Suppose 398 + d = 2*u. What is the tens digit of u?
4
Let v(u) = -3 - 2*u - 2*u**2 + 3 + 0 + 9 - 32*u**3 - 2. What is the hundreds digit of v(-3)?
8
Suppose -27*o = 2*s - 22*o - 113, -224 = -5*s + 7*o. What is the units digit of s?
9
Suppose -21*u + 128105 + 46279 = 0. Suppose 6*c = 22*c - u. What is the units digit of c?
9
Suppose 1 - 25 = 4*h + c, -5*h = -2*c + 30. Let g be -3 - 2/(h/9). Suppose g = -4*q + 2*z + 100, 0 = -4*q + z - 4*z + 110. What is the tens digit of q?
2
Let b(g) = 87*g - 38. Suppose 289*u - 11 = 288*u. What is the units digit of b(u)?
9
What is the ten thousands digit of (-9)/5 - (-10205712)/990?
1
Let l = 198 + -202. What is the units digit of 6/(-1 - l) - (5 + -5)?
2
Suppose -5*z + 68 = -4*r, -3*r + 18 = 2*z - 0*r. What is the tens digit of (-2)/((-5622)/4203 - (-16)/z)?
6
Suppose 0 = -5*d - 3*c + 19, c = 5*d + 2*c - 13. Suppose -f = d*i - 212, f = 6*f - 20. What is the units digit of i?
4
Let z(c) = -c**3 - 115*c**2 + 301*c + 860. What is the units digit of z(-118)?
4
Let w = -34 - -42. Let s be (4/2)/w - 9/(-12). What is the tens digit of 4/(-22) + s*(-468)/(-33)?
1
Suppose -4*d + 65902 = -2*s, -125*d = -129*d - 4*s + 65872. What is the thousands digit of d?
6
Suppose 133308 = 7422*w - 7386*w. What is the tens digit of w?
0
Let u be ((-3)/2)/(21/28). Let w = 22 - u. What is the units digit of (-10)/(4 - 99/w)?
0
Let h(i) = -2*i**2 - i + 2211. Let j be h(0). Suppose 28*k = 25*k + j. Suppose 3*a - 415 = 5*l, -5*a + k = 2*l + l. What is the units digit of a?
5
Suppose 0 = -3*a - 6, 2*y + 3*a - 2*a = 10. Suppose 0 = -y*v + 7719 + 285. What is the units digit of v?
4
Suppose 4*p - o - 132 = -5*o, 5*p + o = 153. Suppose -2*k + 3*k = -4*a + p, -a = -5*k + 45. What is the tens digit of k?
1
Suppose 2*i - 3*z - 31 = 0, -3*z + 4*z + 110 = 5*i. Suppose i*n = 22*n + 5. Suppose o + n*f - 208 - 3 = 0, -3*o =